6.
1113141515
-10110101011100100 (base 2) to base 14
-25bda
What is 505153 (base 8) in base 11?
104110
What is -327a385 (base 12) in base 14?
-13c5457
Convert -36849 (base 10) to base 9.
-55483
16261605 (base 7) to base 5
400444344
-33310101011 (base 4) to base 11
-2382154
Convert a45bf4 (base 16) to base 7.
160361425
What is -202442005 (base 6) in base 10?
-3489269
What is 100d5 (base 14) in base 4?
21123023
Convert 23615 (base 7) to base 2.
1011111111001
What is -106655 (base 11) in base 6?
-3350115
What is -46057101 (base 8) in base 12?
-3416855
What is 12354723 (base 8) in base 14?
51577d
Convert -2120a (base 14) to base 10.
-79978
What is 700a5 (base 14) in base 5?
32102212
What is 569406 (base 10) in base 3?
1001221002010
-6b4be (base 15) to base 3
-122101001222
Convert 1e80c (base 16) to base 13.
44b3a
-120478 (base 14) to base 11
-390518
What is 1111103131 (base 4) in base 7?
2653450
What is -2044001 (base 6) in base 12?
-49601
What is -38269 (base 10) in base 15?
-b514
What is 6176b4 (base 12) in base 11?
953142
Convert -12317764 (base 10) to base 6.
-1120002404
Convert 10111101011111010 (base 2) to base 4.
113223322
What is 37682 (base 15) in base 7?
1334645
What is 204456 (base 16) in base 6?
113154010
Convert 1010121211210 (base 3) to base 13.
18148b
What is 5966826 (base 12) in base 13?
377ba88
What is 481593 (base 13) in base 6?
100444130
What is -100001111000101110011 (base 2) in base 12?
-456703
Convert 26027060 (base 8) to base 6.
323510332
-53a129 (base 15) to base 9
-7440283
What is -5f5b2 (base 16) in base 10?
-390578
What is 1300212122 (base 4) in base 2?
1110000100110011010
-522334 (base 7) to base 15
-1b89a
Convert -4064035 (base 7) to base 14.
-c938c
Convert -891a7a (base 11) to base 12.
-587471
-1827862 (base 11) to base 10
-3099604
What is -502756 (base 8) in base 16?
-285ee
Convert 16c9b (base 15) to base 6.
1325145
What is 1486926 (base 10) in base 2?
101101011000001001110
Convert -141252010 (base 6) to base 11.
-168a155
11115243 (base 6) to base 11
210091
What is -111005 (base 7) in base 4?
-10301210
Convert -4bebd (base 15) to base 4.
-323110021
What is 1304202031 (base 5) in base 15?
431596
What is -120222014 (base 5) in base 2?
-10000111011010001010
Convert 1201101000 (base 3) to base 10.
33804
-2d74c (base 15) to base 13
-51a62
-211410115 (base 6) to base 11
-210a657
-19277 (base 16) to base 15
-207db
-1221030122 (base 4) to base 15
-879ee
What is 6a5790 (base 13) in base 7?
30316264
Convert -3232 (base 4) to base 2.
-11101110
Convert 2025130 (base 6) to base 9.
157100
What is -d324 (base 15) in base 10?
-44584
Convert -33bb4 (base 13) to base 7.
-541604
What is 1014300304 (base 5) in base 2?
1000000001011110100100
-2112021233 (base 4) to base 11
-390092
What is 16796a (base 12) in base 2?
1011110011010100010
-1010110110001110010110 (base 2) to base 13
-787390
What is -16b4b81 (base 12) in base 6?
-245023441
-4d076 (base 14) to base 6
-4021012
Convert 11001001111010101 (base 2) to base 3.
12020210221
Convert -514125 (base 10) to base 2.
-1111101100001001101
What is -1a2b81 (base 16) in base 11?
-a71618
Convert -14131475 (base 9) to base 6.
-405442322
-d7390 (base 14) to base 9
-871343
Convert -8195 (base 13) to base 8.
-42713
What is -300591 (base 10) in base 12?
-125b53
Convert -202100121002 (base 3) to base 10.
-400655
What is -857845 (base 10) in base 8?
-3213365
What is -100010111101001101010001 (base 2) in base 10?
-9163601
53d455 (base 16) to base 8
24752125
What is 108803 (base 15) in base 14?
167346
What is -7241070 (base 10) in base 7?
-115355664
Convert -2a9c8 (base 13) to base 2.
-10011101110001001
-d9b63 (base 14) to base 15
-a5e4c
What is -732413 (base 9) in base 6?
-13153020
-102713 (base 12) to base 8
-756577
What is -566033 (base 7) in base 16?
-188ab
-308125 (base 12) to base 3
-1102122012102
Convert -10210202220100 (base 3) to base 2.
-111101101110111110111
Convert 48549 (base 13) to base 2.
100000011001110110
What is -220001303123 (base 4) in base 7?
-155122160
Convert 12c6a (base 16) to base 12.
3860a
Convert 4220423040 (base 5) to base 7.
134331305
Convert 97556 (base 10) to base 12.
48558
Convert -283086 (base 9) to base 12.
-84043
-3943b7 (base 12) to base 7
-10665166
Convert -10101010000101101101 (base 2) to base 6.
-22533221
-401778 (base 15) to base 13
-826b44
What is 165a20 (base 15) in base 3?
2000222121110
-2201212121 (base 3) to base 7
-313003
2302312 (base 6) to base 2
11100100111000100
Convert -d7b64 (base 15) to base 12.
-290027
What is 50c38 (base 16) in base 6?
11031304
Convert 1341410102 (base 5) to base 4.
31032100211
What is 3580e1 (base 16) in base 12?
1211201
-4143243 (base 6) to base 16
-30e8b
Convert -737820 (base 9) to base 5.
-103020140
What is -181026 (base 14) in base 9?
-1532124
Convert -241240 (base 6) to base 16.
-5238
Convert 11110001000111001000 (base 2) to base 11.
614aa1
-2920dc (base 15) to base 7
-22561323
Convert -16612645 (base 7) to base 13.
-4527a9
13104433043 (base 5) to base 14
21cca8a
Convert 1254355 (base 13) to base 3.
101202200111211
Convert -781251 (base 11) to base 9.
-2308311
Convert -2673673 (base 8) to base 11.
-473715
What is 8b2c0 (base 13) in base 5?
31100044
What is -11110011110000000001100 (base 2) in base 10?
-7987212
What is 8a74226 (base 11) in base 13?
33a5109
Convert -10120212021101 (base 3) to base 13.
-519a36
What is 202022112 (base 5) in base 14?
172932
Convert 110010101111010100 (base 2) to base 5.
23122303
27248104 (base 9) to base 3
221021122010011
What is 149cc7 (base 14) in base 7?
6052240
Convert 36015102 (base 7) to base 16.
308892
Convert 1200020111002 (base 3) to base 6.
31030302
302974 (base 10) to base 5
34143344
Convert 127867 (base 10) to base 15.
27d47
Convert 43141 (base 14) to base 4.
213211211
What is -369a214 (base 11) in base 10?
-6426325
-3020771 (base 9) to base 11
-9a9198
What is -1000100000001001101010 (base 2) in base 7?
-24642040
What is -1292855 (base 11) in base 12?
-8b6002
-3353055 (base 7) to base 15
-835cc
-38d126 (base 14) to base 6
-105534450
-22220101 (base 4) to base 16
-aa11
What is 10035503 (base 6) in base 15?
5970c
Convert -110112201 (base 5) to base 11.
-2a324a
What is -577760 (base 10) in base 16?
-8d0e0
Convert 366b4 (base 12) to base 5.
4323301
Convert -6e8ae (base 15) to base 11.
-221207
Convert 12010122102 (base 3) to base 11.
69a34
What is -12121201121 (base 3) in base 8?
-330020
3532304 (base 8) to base 4
3223103010
What is -1110001100011111 (base 2) in base 5?
-3330033
203324 (base 5) to base 6
51030
-a787 (base 12) to base 13
-84a9
Convert 546464 (base 8) to base 5.
21333404
202222112122 (base 3) to base 8
1446521
-35236302 (base 7) to base 2
-1011110101010011001010
Convert -794287 (base 13) to base 12.
-b62221
Convert 10c4cd7 (base 14) to base 10.
8004045
-aa222 (base 11) to base 12
-78702
What is -82bcc4 (base 15) in base 7?
-103560130
What is ad262 (base 14) in base 13?
119407
Convert 3b696 (base 14) to base 9.
243254
What is -1120432 (base 7) in base 5?
-13430402
Convert 4a47 (base 13) to base 3.
112110021
What is 1343166 (base 10) in base 6?
44442210
Convert -10220211002220 (base 3) to base 5.
-1013122311
-16460420 (base 7) to base 15
-21c63b
Convert 15312243 (base 6) to base 15.
a97b6
What is -41847 (base 9) in base 13?
-c790
c041e (base 15) to base 5
123432204
What is -17728 (base 15) in base 9?
-125052
What is -5dc030 (base 14) in base 8?
-14223772
What is 2032419 (base 12) in base 6?
333230433
What is -104015460 (base 7) in base 8?
-27633007
Convert -1001030100 (base 4) to base 15.
-541b9
Convert 2000111023 (base 4) to base 8.
2002513
Convert 20120230030 (base 4) to base 15.
2d6524
What is -21726b (base 15) in base 2?
-110000101000011001111
What is 12076 (base 14) in base 7?
242206
-1933c9 (base 15) to base 11
-768116
9611176 (base 10) to base 12
3276034
5988 (base 16) to base 11
16247
Convert -111001111100000 (base 2) to base 5.
-1422124
What is 20123441 (base 5) in base 15?
32b16
Convert 11276436 (base 10) to base 5.
10341321221
Convert 35b4d (base 16) to base 2.
110101101101001101
Convert 1932624 (base 10) to base 6.
105231200
Convert 8dcc1 (base 16) to base 15.
b7151
Convert -64425360 (base 7) to base 8.
-24732334
What is -11759 (base 14) in base 4?
-22121303
Conve